{"id":410,"date":"2020-08-09T23:55:34","date_gmt":"2020-08-09T21:55:34","guid":{"rendered":"http:\/\/sendenhorst2020.de\/?page_id=410"},"modified":"2020-08-09T23:57:25","modified_gmt":"2020-08-09T21:57:25","slug":"reserveliste","status":"publish","type":"page","link":"https:\/\/sendenhorst2020.de\/?page_id=410","title":{"rendered":"Reserveliste"},"content":{"rendered":"\n<figure class=\"wp-block-table\"><table><tbody><tr><td><strong>Platz<\/strong><\/td><td><strong>Name<\/strong><\/td><td><strong>Vorname<\/strong><\/td><td><strong>Beruf<\/strong><\/td><td><strong>Wahlbezirk<\/strong><\/td><\/tr><tr><td>1<\/td><td>Janus<\/td><td>Wolfgang&nbsp;<\/td><td>Schulleiter, Beamter, Land NRW, Lippstadt<\/td><td>WB 03<\/td><\/tr><tr><td>2<\/td><td>Seitz-Dahlkamp<\/td><td>Christiane<\/td><td>Regierungsbesch\u00e4ftigte, Land NRW, MKW D\u00fcsseld.<\/td><td>WB 10<\/td><\/tr><tr><td>3<\/td><td>Kaldewey<\/td><td>Ralf<\/td><td>Stadtplaner, Angestellter Stadt Ahlen<\/td><td>WB 04<\/td><\/tr><tr><td>4<\/td><td>L\u00fctke-Verspohl<\/td><td>Timo<\/td><td>Regierungsbesch\u00e4ftigter, Land NRW, OFD NRW M\u00fcnster<\/td><td>WB 08<\/td><\/tr><tr><td>5<\/td><td>Borgmann<\/td><td>Simon<\/td><td>Student<\/td><td>WB 02<\/td><\/tr><tr><td>6<\/td><td>Erdmann<\/td><td>Bernhard<\/td><td>Druckermeister<\/td><td>WB 01<\/td><\/tr><tr><td>7<\/td><td>Ommen<\/td><td>Detlef<\/td><td>Lehrer i.R.<\/td><td>WB 05<\/td><\/tr><tr><td>8<\/td><td>Rose<\/td><td>Astrid<\/td><td>Lehrerin, Beamtin, Land NRW, Hamm<\/td><td>WB 11<\/td><\/tr><tr><td>9<\/td><td>Jeiler<\/td><td>Claudia<\/td><td>Erzieherin<\/td><td>WB 12<\/td><\/tr><tr><td>10<\/td><td>Benjilany<\/td><td>Karina<\/td><td>Sozialarbeiterin, Angestellte, Stadt Beckum<\/td><td>WB 06<\/td><\/tr><tr><td>11<\/td><td>Gawlik<\/td><td>Markus<\/td><td>Bau- und Sicherheitsingenieur<\/td><td>WB 09<\/td><\/tr><tr><td>12<\/td><td>Skibinski<\/td><td>Markus<\/td><td>Berufskraftfahrer<\/td><td>WB 13<\/td><\/tr><tr><td>13<\/td><td>Watermann-Krass<\/td><td>Annette<\/td><td>MdL NRW<\/td><td><\/td><\/tr><tr><td>14<\/td><td>Wieczorek<\/td><td>Martin<\/td><td>IT Application Specialist<\/td><td><\/td><\/tr><tr><td>15<\/td><td>Herold<\/td><td>Manfred<\/td><td>Rentner<\/td><td>WB 07<\/td><\/tr><tr><td>16<\/td><td>Austermann<\/td><td>Heinrich<\/td><td>Rentner<\/td><td><\/td><\/tr><tr><td>17<\/td><td>Krass<\/td><td>J\u00fcrgen<\/td><td>Rentner<\/td><td><\/td><\/tr><\/tbody><\/table><\/figure>\n\n\n\n<p>Nach \u00a7 3 Kommunalwahlgesetz werden die Vertreter des Rates in den <strong>Wahlbezirken<\/strong> und aus den <strong>Reservelisten<\/strong> gew\u00e4hlt. In Sendenhorst besteht der Rat aus 26 Mitglieder (ohne B\u00fcrgermeister). Davon werden 13 in den Wahlbezirken gew\u00e4hlt. Gew\u00e4hlt ist, wer die einfache Mehrheit der Stimmen in dem Wahlbezirk erh\u00e4lt. Die 13 anderen Mandate werden nach den Reservelisten der Parteien oder W\u00e4hlergruppen bestimmt. Das Verfahren dazu ist in \u00a7 33 des Gesetzes geregelt.<\/p>\n\n\n\n<p><\/p>\n","protected":false},"excerpt":{"rendered":"<p>Platz Name Vorname Beruf Wahlbezirk 1 Janus Wolfgang&nbsp; Schulleiter, Beamter, Land NRW, Lippstadt WB 03 2 Seitz-Dahlkamp Christiane Regierungsbesch\u00e4ftigte, Land NRW, MKW D\u00fcsseld. WB 10 [&#8230;]<\/p>\n","protected":false},"author":1,"featured_media":0,"parent":342,"menu_order":0,"comment_status":"closed","ping_status":"closed","template":"","meta":[],"_links":{"self":[{"href":"https:\/\/sendenhorst2020.de\/index.php?rest_route=\/wp\/v2\/pages\/410"}],"collection":[{"href":"https:\/\/sendenhorst2020.de\/index.php?rest_route=\/wp\/v2\/pages"}],"about":[{"href":"https:\/\/sendenhorst2020.de\/index.php?rest_route=\/wp\/v2\/types\/page"}],"author":[{"embeddable":true,"href":"https:\/\/sendenhorst2020.de\/index.php?rest_route=\/wp\/v2\/users\/1"}],"replies":[{"embeddable":true,"href":"https:\/\/sendenhorst2020.de\/index.php?rest_route=%2Fwp%2Fv2%2Fcomments&post=410"}],"version-history":[{"count":1,"href":"https:\/\/sendenhorst2020.de\/index.php?rest_route=\/wp\/v2\/pages\/410\/revisions"}],"predecessor-version":[{"id":412,"href":"https:\/\/sendenhorst2020.de\/index.php?rest_route=\/wp\/v2\/pages\/410\/revisions\/412"}],"up":[{"embeddable":true,"href":"https:\/\/sendenhorst2020.de\/index.php?rest_route=\/wp\/v2\/pages\/342"}],"wp:attachment":[{"href":"https:\/\/sendenhorst2020.de\/index.php?rest_route=%2Fwp%2Fv2%2Fmedia&parent=410"}],"curies":[{"name":"wp","href":"https:\/\/api.w.org\/{rel}","templated":true}]}}