{"id":364,"date":"2020-07-25T10:53:51","date_gmt":"2020-07-25T08:53:51","guid":{"rendered":"http:\/\/sendenhorst2020.de\/?page_id=364"},"modified":"2020-07-25T10:53:51","modified_gmt":"2020-07-25T08:53:51","slug":"datenschutz","status":"publish","type":"page","link":"https:\/\/sendenhorst2020.de\/?page_id=364","title":{"rendered":"Datenschutz"},"content":{"rendered":"\n<p><strong>Datenschutzerkl\u00e4rung<\/strong><\/p>\n\n\n\n<p>Mit unserer Datenschutzerkl\u00e4rung kl\u00e4ren wir Sie dar\u00fcber auf, auf welche Art, in welchem Umfang und zu welchem Zweck wir personenbezogene Daten (nachfolgend kurz \u201cDaten\u201d) innerhalb unseres Online-Angebotes und der mit ihm verbundenen Webseiten, deren Funktionen und Inhalte sowie externen Online-Pr\u00e4senzen, wie zum Beispiel unsere Social Media-Angebote (gemeinsam im Nachfolgenden als Online-Angebot bezeichnet), verarbeiten.<\/p>\n\n\n\n<p>Wir verweisen zu den verwendeten Begrifflichkeiten wie z. B. \u201cVerarbeitung\u201d oder \u201cpersonenbezogene Daten\u201d auf die Definitionen im Art. 4 der Datenschutzgrundverordnung (DSGVO).<\/p>\n\n\n\n<p>Wer ist Verantwortlicher f\u00fcr die Datenverarbeitung?<\/p>\n\n\n\n<p>Verantwortlich f\u00fcr die Datenverarbeitung im Sinne der DSGVO ist der Betreiber dieses Online-Angebotes. Die Angaben zum Betreiber finden Sie im Impressum dieser Website.<\/p>\n\n\n\n<p>Wie kann ich den Datenschutzbeauftragten kontaktieren?<\/p>\n\n\n\n<p>Den f\u00fcr dieses Online-Angebot zust\u00e4ndigen Datenschutzbeauftragten k\u00f6nnen Sie wie folgt erreichen: E-Mail: Datenschutz-NRW@spd.de<\/p>\n\n\n\n<p>Welche Arten der Daten werden verarbeitet?<\/p>\n\n\n\n<ul><li>Kontaktdaten: Vorname und Nachname, Anschrift, Telefonnummer, E-Mail-Adresse<\/li><li>Interessen: Von Ihnen bereitgestellte Angaben \u00fcber Interessensgebiete<\/li><li>Weitere pers\u00f6nliche Daten: Von Ihnen bereitgestellte Informationen zum Beispiel zu Geburtsdatum, Beruf, Bildung oder weiteren Angaben zu Ihrer Lebenssituation<\/li><li>Nutzungsinformationen: Informationen dar\u00fcber, wie sie unsere Website nutzen und ob Sie E-Mail-Benachrichtigungen von uns \u00f6ffnen und Links darin anklicken.<\/li><\/ul>\n\n\n\n<p>Welche besonderen Kategorien von Daten nach Art. 9 Abs. 1 DSGVO werden verarbeitet:<\/p>\n\n\n\n<p>Auf diesem Online-Angebot werden gegebenenfalls besondere Kategorien von Daten verarbeitet.<\/p>\n\n\n\n<ul><li>Daten zur politischen Meinung: Von Ihnen bereitgestellte Daten und Inhalte, die Ihre politische Meinung betreffen.<\/li><li>Daten \u00fcber die Mitgliedschaft in der Partei, in einer parteizugeh\u00f6rigen Jugendorganisation oder in einer Gewerkschaft: Zum Beispiel von Ihnen bereitgestellte Angaben \u00fcber eine m\u00f6glicherweise bestehende Mitgliedschaft in einer Partei oder Gewerkschaft, Mitgliedsnummer, Ortsverein, ausge\u00fcbte Funktion, Dauer der Mitgliedschaft und Name der Organisation<\/li><\/ul>\n\n\n\n<p>Welche Kategorien von Personen sind von der Verarbeitung betroffenen?<\/p>\n\n\n\n<ul><li>Besucher und Nutzer dieses Online-Angebotes, seiner Inhalte und Funktionen<\/li><li>Interessierte B\u00fcrgerinnen und B\u00fcrger<\/li><li>An einer Mitgliedschaft in der SPD interessierte Personen<\/li><li>Mitglieder<\/li><\/ul>\n\n\n\n<p>Was ist der Zweck der Verarbeitung?<\/p>\n\n\n\n<ul><li>Bereitstellung des Online-Angebotes, seiner Inhalte und Funktionen<\/li><li>Bearbeitung von Kontaktanfragen und Kommunikation mit Nutzern<\/li><li>Mitgliederverwaltung, Mitgliederinformation, Mitgliederbetreuung und -bindung<\/li><\/ul>\n\n\n\n<p>Welche Rechtsgrundlagen sind ma\u00dfgeblich?<\/p>\n\n\n\n<p>Wir teilen Ihnen gem\u00e4\u00df Art. 13 DSGVO mit, auf welchen Rechtsgrundlagen unsere Datenverarbeitung erfolgt. Falls die Rechtsgrundlage in dieser Datenschutzerkl\u00e4rung nicht jeweils aufgef\u00fchrt wird, gilt:<\/p>\n\n\n\n<p>F\u00fcr die Einholung von Einwilligungen gilt Art. 6 Abs. 1 lit. a und Art. 7 DSGVO als Rechtsgrundlage. F\u00fcr die Verarbeitung der Daten zur Erf\u00fcllung unserer Leistungen und Durchf\u00fchrung vertraglicher Ma\u00dfnahmen \u2013 zum Beispiel im Rahmen der Parteimitgliedschaft \u2013 sowie der Beantwortung von Anfragen gilt Art. 6 Abs. 1 lit. b DSGVO als Rechtsgrundlage. F\u00fcr die Verarbeitung von Daten zur Erf\u00fcllung rechtlichen Verpflichtungen gilt Art. 6 Abs. 1 lit. c DSGVO die Rechtsgrundlage. F\u00fcr die Verarbeitung von Daten zur Wahrung unserer berechtigten Interessen gilt Art. 6 Abs. 1 lit. f DSGVO als Rechtsgrundlage.<\/p>\n\n\n\n<p>Falls lebenswichtige Interessen von einer betroffenen Person oder von einer anderen nat\u00fcrlichen Person eine Verarbeitung personenbezogener Daten notwendig machen, ist Art. 6 Abs. 1 lit. d DSGVO die Rechtsgrundlage.<\/p>\n\n\n\n<p>\u00c4nderungen und Aktualisierungen an der Datenschutzerkl\u00e4rung<\/p>\n\n\n\n<p>Bitte sehen Sie sich in regelm\u00e4\u00dfigen Abst\u00e4nden den Inhalt unserer Datenschutzerkl\u00e4rung an. Anpassungen und Aktualisierungen daran f\u00fchren wir immer dann durch, wenn eine \u00c4nderung unserer Datenverarbeitung dies notwendig macht.<\/p>\n\n\n\n<p>Ma\u00dfnahmen zur Sicherheit<\/p>\n\n\n\n<p>Wir nutzten Sicherheitsma\u00dfnahmen in Form von Verschl\u00fcsselungstechnologie und Authentifizierungswerkzeugen nach aktuellem Stand der Technik. Damit sch\u00fctzen wir die Sicherheit, Integrit\u00e4t und Verf\u00fcgbarkeit Ihrer Daten und erhalten diese aufrecht. Der vollst\u00e4ndige Schutz vor nicht berechtigtem Zugriff kann bei der \u00dcbertragung von Daten im Internet oder \u00fcber eine Website nicht sichergestellt werden. Wir und die von uns beauftragten Dienstleister haben nach besten Kr\u00e4ften das Bem\u00fchen, durch physische und elektronische Sicherheitsvorkehrungen und durch entsprechende Verfahren, die dem aktuellen Stand der Technik entsprechen, personenbezogene Daten von Ihnen gem\u00e4\u00df den geltenden Datenschutzvorschriften zu sch\u00fctzen.<\/p>\n\n\n\n<p>Wir setzen dazu unter anderem folgende Ma\u00dfnahmen ein:<\/p>\n\n\n\n<ul><li>Berechtigung zum Zugriff auf Ihre Daten erfolgen nach strengen Kriterien, nach dem Prinzip \u201eNeed-to-Know\u201c beschr\u00e4nkt auf einen m\u00f6glichst kleinen Personenkreis und ausschlie\u00dflich zum angegebenen Zweck<\/li><li>Absicherung unserer IT-Systeme zum Schutz vor nicht befugtem Zugriff (z. B. durch Hacker) mit einer Firewall-Absicherung<\/li><\/ul>\n\n\n\n<p>Zu den Sicherheitsma\u00dfnahmen geh\u00f6rt insbesondere die verschl\u00fcsselte \u00dcbertragung von Daten zwischen Ihrem Browser und unserem Server.<\/p>\n\n\n\n<p>Auftragsdatenverarbeiter oder Dritte<\/p>\n\n\n\n<p>Falls wir bei unserer Verarbeitung von Daten diese gegen\u00fcber Auftragsverarbeitern oder Dritten offenbaren, diese an sie \u00fcbermitteln oder Ihnen darauf sonstigen Zugriff gew\u00e4hren, so tun wir dies, weil uns dazu eine Einwilligung vorliegt, wir dazu rechtlich verpflichtet sind, ein berechtigtes Interesse unsererseits besteht oder eine gesetzliche Erlaubnis vorliegt.<\/p>\n\n\n\n<p>Falls wir mit Dritten f\u00fcr die Verarbeitung einen \u201cVertrag zur Auftragsdatenverarbeitung abgeschlossen haben, so gilt daf\u00fcr der Art. 28. DSGVO als Rechtsgrundlage.<\/p>\n\n\n\n<p>Daten\u00fcbertragung in Drittl\u00e4nder<\/p>\n\n\n\n<p>Die Datenverarbeitung unseres Online-Angebotes erfolgt in Deutschland.<\/p>\n\n\n\n<p>Eine \u00dcbermittlung und Verarbeitung Ihrer Daten in Drittl\u00e4nder au\u00dferhalb der Europ\u00e4ischen Union (EU) oder des Europ\u00e4ischen Wirtschaftsraumes (EWR) findet also in der Regel nicht statt.<\/p>\n\n\n\n<p>Sollten wir in besonderen F\u00e4llen Dienste Dritter in Anspruch nehmen, die eine Daten\u00fcbermittlung und Verarbeitung in einem Drittland au\u00dferhalb der Europ\u00e4ischen Union (EU) oder des Europ\u00e4ischen Wirtschaftsraumes (EWR) erforderlich macht, so tun wir dies ausschlie\u00dflich, wenn uns dazu Ihre Einwilligung oder ein berechtigtes Interesse unsererseits vorliegt. Vorbehaltlich gesetzlicher oder vertraglicher Erlaubnisse erfolgt die Verarbeitung dann auf der Basis besonderer Garantien lt. Art. 44ff. DSGVO, wie zum Beispiel einer offiziellen Anerkennung eines der EU entsprechenden Datenschutzniveaus exemplarisch \u201cPrivacy Shield\u201d der U.S.A. oder unter Beachtung offiziell anerkannter spezieller vertraglicher Verpflichtungen wie den so genannten \u201cStandardvertragsklauseln\u201d.<\/p>\n\n\n\n<p>Ihre Rechte<\/p>\n\n\n\n<p>Nach Art. 15 DSGVO k\u00f6nnen Sie eine Best\u00e4tigung dar\u00fcber verlangen, ob wir betreffende personenbezogene Daten von Ihnen verarbeiten. Sie k\u00f6nnen Auskunft \u00fcber diese Daten, auf weitere Informationen und eine Kopie der Daten verlangen.<\/p>\n\n\n\n<p>Nach Art. 16 DSGVO k\u00f6nnen Sie die Vervollst\u00e4ndigung betreffender personenbezogener Daten oder auch deren Berichtigung verlangen.<\/p>\n\n\n\n<p>Nach Art. 17 DSGVO k\u00f6nnen Sie die unverz\u00fcgliche L\u00f6schung Ihrer personenbezogenen Daten verlangen. Nach Art. 18 DSGVO k\u00f6nnen sie alternativ verlangen, dass die Verarbeitung Ihrer personenbezogenen Daten einschr\u00e4nkt wird.<\/p>\n\n\n\n<p>Nach Art. 20 DSGVO k\u00f6nnen Sie verlangen, dass Sie Ihre personenbezogenen Daten, die Sie uns zur Verf\u00fcgung gestellt haben, erhalten oder wir diese an andere Datenverantwortliche \u00fcbermitteln.<\/p>\n\n\n\n<p>Nach Art. 77 DSGVO k\u00f6nnen Sie dar\u00fcber hinaus bei der zust\u00e4ndigen Aufsichtsbeh\u00f6rde eine Beschwerde einreichen.<\/p>\n\n\n\n<p>Widerrufsrecht<\/p>\n\n\n\n<p>Wenn Sie uns eine Einwilligung erteilt haben, k\u00f6nnen Sie diese nach Art. 7 Abs. 3 DSGVO f\u00fcr die Zukunft widerrufen.<\/p>\n\n\n\n<p>Widerspruchsrecht<\/p>\n\n\n\n<p>Nach Art. 21 DSGVO k\u00f6nnen Sie der zuk\u00fcnftigen Verarbeitung Ihrer personenbezogenen Daten widersprechen.<\/p>\n\n\n\n<p>Datenl\u00f6schung<\/p>\n\n\n\n<p>Wir l\u00f6schen nach den Ma\u00dfgaben der Art. 17 und 18 DSGVO die von uns verarbeiteten Daten oder schr\u00e4nken diese ein. Die von uns gespeicherten Daten werden gel\u00f6scht, wenn sie f\u00fcr den jeweiligen Zweck nicht mehr erforderlich sind und wir nicht gesetzlich zur Aufbewahrung verpflichtet sind. Falls die L\u00f6schung der Daten nicht erfolgt, weil sie f\u00fcr andere oder gesetzlich vorgeschriebene Zwecke erforderlich sind, wird Ihre Verarbeitung von uns eingeschr\u00e4nkt. Es erfolgt also eine Sperrung der Daten. Sie werden dann nicht mehr f\u00fcr andere Zwecke verarbeitet.<\/p>\n\n\n\n<p>Kontaktformulare und andere Formulare<\/p>\n\n\n\n<p>Wenn Sie mit uns \u00fcber ein Kontaktformular Kontakt aufnehmen, ein anderes Formular unseres Online-Angebotes nutzen oder eine E-Mail senden, werden Ihre Daten zur Bearbeitung oder Abwicklung lt. Art. 6. Abs. 1 lit. b) DSGVO verarbeitet.<\/p>\n\n\n\n<p>Die Angaben, die Sie in einem Kontaktformular oder in einem anderen Formular machen, werden auf unserem Server gespeichert und gegebenenfalls per unverschl\u00fcsselter E-Mail an einen vom Nutzer oder von uns ausgew\u00e4hlten Ansprechpartner zur Bearbeitung der Kontaktaufnahme oder Formulardaten weiterversendet.<\/p>\n\n\n\n<p>Bei der Nutzung jeglicher Formulare auf unserem Online-Angebot erteilen Sie eine Einwilligung. Ihre Einwilligung erfolgt dabei im Einzelfall auch zu einer weitergehenden Nutzung ihrer personenbezogenen Daten. Dies kann zum Beispiel bei der Anmeldung zu einer Veranstaltung \u00fcber ein Anmeldeformular die Speicherung, Verarbeitung und Nutzung Ihrer Daten zur Kontaktaufnahme zur Veranstaltungsplanung und -durchf\u00fchrung, das F\u00fchren und Ver\u00f6ffentlichen einer Teilnehmerliste oder die Erstellung von Namensschildern umfassen. Details hierzu ergeben sich aus der jeweiligen Einwilligungserkl\u00e4rung, die Sie beim Ausf\u00fcllen der Formulare auf diesem Online-Angebot vorfinden.<\/p>\n\n\n\n<p>Gespeicherte Anfragen auf unserem Server werden gel\u00f6scht, sofern diese nicht mehr erforderlich sind. Die Erforderlichkeit \u00fcberpr\u00fcfen wir jeweils alle zwei Jahre.<\/p>\n\n\n\n<p>Kommentare<\/p>\n\n\n\n<p>Wenn Sie die gegebenenfalls in diesem Online-Angebot angebotene Kommentarfunktion nutzen, werden die von Ihnen angegebenen personenbezogenen Daten (Ihr Name, Ihre E-Mail-Adresse, optional die Angabe Ihrer Website und Ihr Kommentar mit Datum und Uhrzeit) sowie ihre IP-Adresse in anonymisierter, gek\u00fcrzter Form gespeichert. Dies erfolgt auf der Basis unseres berechtigten Interesses im Sinne des Art. 6 Abs. 1 lit. f. DSGVO.<\/p>\n\n\n\n<p>Ihr Kommentar, Ihr Name und die optional angegeben Website werden auf unserer Website ver\u00f6ffentlicht.<\/p>\n\n\n\n<p>Die Speicherung Ihrer Daten zum Kommentar erfolgt auch zu unserer Sicherheit, falls jemand in Kommentaren und Beitr\u00e4gen widerrechtliche Inhalte hinterl\u00e4sst. Im Falle eines vermuteten Rechtsversto\u00dfes sind wir gegebenenfalls rechtlich verpflichtet, personenbezogene Daten zur Ermittlung der Identit\u00e4t des Verfassers an Beh\u00f6rden herauszugeben.<\/p>\n\n\n\n<p>Wir behalten uns das Recht vor, Ihren Kommentar auf unserer Website nicht zu ver\u00f6ffentlichen.<\/p>\n\n\n\n<p>Technische Zugriffsdaten und Logfiles<\/p>\n\n\n\n<p>\u00dcber jeden Zugriff auf unser Netzwerk, in dem dieses Online-Angebot betrieben wird, erheben wir auf der Basis unseres berechtigten Interesses lt. Art. 6. Abs. 1 lit. f) DSGVO, Daten. Folgende Daten erheben wir in Logfiles: Abgerufene Webseite, abgerufene Datei, das Datum und die Uhrzeit des Aufrufs, die \u00fcbertragene Datenmenge, den Status des Aufrufs, den von Ihnen verwendeten Browsertypen inklusive Versionsnummer, das von Ihnen verwendete Betriebssystem, die sogenannte Referrer-URL der zuvor besuchten Seite und Ihre IP-Adresse.<\/p>\n\n\n\n<p>Diese Logfile-Informationen speichern wir aus Sicherheitsgr\u00fcnden und f\u00fcr eine Dauer von maximal vierzehn Tagen. Sie sind zum Beispiel erforderlich um Missbrauchs- oder Betrugshandlungen aufzukl\u00e4ren. Sie werden danach gel\u00f6scht. Daten, deren weitere Aufbewahrung zu Beweiszwecken erforderlich ist, sind bis zur endg\u00fcltigen Kl\u00e4rung des jeweiligen Vorfalls von der L\u00f6schung ausgenommen.<\/p>\n\n\n\n<p>Onlinepr\u00e4senzen in sozialen Medien<\/p>\n\n\n\n<p>Neben diesem Online-Angebot betreiben wir aus berechtigtem Interesse lt. Art. 6 Abs. 1 lit. f) DSGVO auch Angebote in sozialen Netzwerken oder weiteren Plattformen im Internet. Dort treten wir mit B\u00fcrgerinnen und B\u00fcrgern, mit Mitgliedern und Interessierten in Kontakt, kommunizieren mit ihnen und informieren sie \u00fcber unsere Arbeit. Auf den jeweiligen Angeboten und Plattformen gelten jeweils die von den Betreibern ver\u00f6ffentlichten Gesch\u00e4ftsbedingungen und Datenverarbeitungsrichtlinien.<\/p>\n\n\n\n<p>Soweit wir es nicht anders in unserer Datenschutzerkl\u00e4rung angegeben haben, verarbeiten wir die Daten der Nutzer sofern diese mit uns innerhalb der sozialen Netzwerke und Plattformen kommunizieren, z. B. Beitr\u00e4ge auf unseren dortigen Onlinepr\u00e4senzen verfassen oder uns Nachrichten zusenden.<\/p>\n\n\n\n<p>Cookies<\/p>\n\n\n\n<p>Wir setzen keine Cookies ein.<\/p>\n\n\n\n<p>Einbettung von Diensten und Inhalten Dritter<\/p>\n\n\n\n<p>In unserem Online-Angebot betten wir gelegentlich Inhalte und Angebote von Dritten ein. Dies erfolgt auf der Grundlage unseres berechtigten Interesses lt. Art. 6 Abs. 1 lit. f) DSGVO.<\/p>\n\n\n\n<p>Bei der Einbettung von Inhalten und Angeboten Dritter versuchen wir, sofern es mit technisch und wirtschaftlich vertretbarem Aufwand m\u00f6glich ist, die Inhalte und Angebote erst nach einer expliziten Zustimmung zu laden. In diesen F\u00e4llen findet ohne die Zustimmung keine Kontaktaufnahme mit den Servern der Dritt-Anbieter statt.<\/p>\n\n\n\n<p>Die Anzeige der Inhalte setzt zwingend voraus, dass die Anbieter dieser Inhalte Ihre IP-Adresse erfahren, da sie ohne diese IP-Adresse die Inhalte nicht an Ihren Browser senden k\u00f6nnten. Die IP-Adresse ist daher f\u00fcr die Anzeige dieser Inhalte erforderlich.<\/p>\n\n\n\n<p>Wir bem\u00fchen uns, nur solche Inhalte einzubetten, deren Anbieter die IP-Adresse nur f\u00fcr die Auslieferung der Inhalte nutzen. Pseudonyme Informationen k\u00f6nnen dar\u00fcber hinaus von den Anbietern in Cookies auf dem Ger\u00e4t der Nutzer gespeichert werden und unter anderem technische Informationen zum Browser und Betriebssystem, verweisende Webseiten, Besuchszeit sowie weitere Angaben zur Nutzung des eingebetteten Inhaltes enthalten, als auch mit solchen Informationen aus anderen Quellen verbunden werden.<\/p>\n\n\n\n<p>Nachfolgend listen wir beispielhaft Drittanbieter sowie ihre Inhalte auf, die wir gegebenenfalls einbetten. Sie finden hier auch Links zu deren Datenschutzerkl\u00e4rungen, Hinweise zur Verarbeitung von Daten und M\u00f6glichkeiten zum Widerspruch und Opt-Out:<\/p>\n\n\n\n<ul><li>Karten des Dienstes \u201eGoogle Maps\u201c. Google LLC, 1600 Amphitheatre Parkway, Mountain View, CA 94043, USA.<br>Datenschutzerkl\u00e4rung: <a href=\"https:\/\/www.google.com\/policies\/privacy\/\">https:\/\/www.google.com\/policies\/privacy\/<\/a>, Opt-Out: <a href=\"https:\/\/www.google.com\/settings\/ads\/\">https:\/\/www.google.com\/settings\/ads\/<\/a>.<\/li><li>Videos der Plattform \u201cYouTube\u201d. Google LLC, 1600 Amphitheatre Parkway, Mountain View, CA 94043, USA.<br>Datenschutzerkl\u00e4rung: <a href=\"https:\/\/policies.google.com\/privacy\">https:\/\/policies.google.com\/privacy<\/a>, Opt-Out: <a href=\"https:\/\/adssettings.google.com\/authenticated\">https:\/\/adssettings.google.com\/authenticated<\/a>.<\/li><li>In unserem Online-Angebot k\u00f6nnen Einbettungen von Inhalten der Plattform Instagram stattfinden. Anbieter: Instagram Inc., 1601 Willow Road, Menlo Park, CA, 94025, USA. Die Funktionen beinhalten die Darstellung von Instagram-Beitr\u00e4gen innerhalb unserer Website. Die eingebetteten Inhalte k\u00f6nnen dabei Verkn\u00fcpfung zum jeweiligen Profil bei Instagram sowie M\u00f6glichkeiten zur Interaktion mit den Instagram-Beitr\u00e4gen und den Funktionen von Instagram enthalten. Dadurch kann Instagram den Besuch unserer Website Ihrem Benutzerkonto bei Instagram zuordnen. Wir als Anbieter der Webseite haben keine Kenntnis vom Inhalt der jeweils direkt \u00fcbermittelten Daten oder davon, wie Instagram diese Daten nutzt. Datenschutzerkl\u00e4rung: <a href=\"http:\/\/instagram.com\/about\/legal\/privacy\/\">http:\/\/instagram.com\/about\/legal\/privacy\/<\/a>.<\/li><li>In unserem Online-Angebot k\u00f6nnen Einbettungen von Inhalten der Plattform Twitter stattfinden. Anbieter: Twitter Inc., 1355 Market Street, Suite 900, San Francisco, CA 94103, USA. Die Funktionen beinhalten die Darstellung von Twitter-Beitr\u00e4gen innerhalb unserer Website. Die eingebetteten Inhalte k\u00f6nnen dabei Verkn\u00fcpfung zum jeweiligen Profil bei Twitter sowie M\u00f6glichkeiten zur Interaktion mit den Twitter-Beitr\u00e4gen und den Funktionen von Twitter enthalten. Twitter hat ein Zertifikat zum Privacy-Shield-Abkommen erhalten und best\u00e4tigt damit, sich an das europ\u00e4ische Datenschutzrecht zu halten: <a href=\"https:\/\/www.privacyshield.gov\/participant?id=a2zt0000000TORzAAO&amp;status=Active\">https:\/\/www.privacyshield.gov\/participant?id=a2zt0000000TORzAAO&amp;status=Active<\/a>, Datenschutzerkl\u00e4rung von Twitter: <a href=\"https:\/\/twitter.com\/de\/privacy\">https:\/\/twitter.com\/de\/privacy<\/a>, Opt-Out: <a href=\"https:\/\/twitter.com\/personalization\">https:\/\/twitter.com\/personalization<\/a><\/li><\/ul>\n","protected":false},"excerpt":{"rendered":"<p>Datenschutzerkl\u00e4rung Mit unserer Datenschutzerkl\u00e4rung kl\u00e4ren wir Sie dar\u00fcber auf, auf welche Art, in welchem Umfang und zu welchem Zweck wir personenbezogene Daten (nachfolgend kurz \u201cDaten\u201d) [&#8230;]<\/p>\n","protected":false},"author":1,"featured_media":0,"parent":0,"menu_order":0,"comment_status":"closed","ping_status":"closed","template":"","meta":[],"_links":{"self":[{"href":"https:\/\/sendenhorst2020.de\/index.php?rest_route=\/wp\/v2\/pages\/364"}],"collection":[{"href":"https:\/\/sendenhorst2020.de\/index.php?rest_route=\/wp\/v2\/pages"}],"about":[{"href":"https:\/\/sendenhorst2020.de\/index.php?rest_route=\/wp\/v2\/types\/page"}],"author":[{"embeddable":true,"href":"https:\/\/sendenhorst2020.de\/index.php?rest_route=\/wp\/v2\/users\/1"}],"replies":[{"embeddable":true,"href":"https:\/\/sendenhorst2020.de\/index.php?rest_route=%2Fwp%2Fv2%2Fcomments&post=364"}],"version-history":[{"count":1,"href":"https:\/\/sendenhorst2020.de\/index.php?rest_route=\/wp\/v2\/pages\/364\/revisions"}],"predecessor-version":[{"id":366,"href":"https:\/\/sendenhorst2020.de\/index.php?rest_route=\/wp\/v2\/pages\/364\/revisions\/366"}],"wp:attachment":[{"href":"https:\/\/sendenhorst2020.de\/index.php?rest_route=%2Fwp%2Fv2%2Fmedia&parent=364"}],"curies":[{"name":"wp","href":"https:\/\/api.w.org\/{rel}","templated":true}]}}