{"id":376,"date":"2020-07-27T15:52:27","date_gmt":"2020-07-27T13:52:27","guid":{"rendered":"http:\/\/sendenhorst2020.de\/?page_id=376"},"modified":"2020-07-27T16:24:36","modified_gmt":"2020-07-27T14:24:36","slug":"kreistag","status":"publish","type":"page","link":"http:\/\/sendenhorst2020.de\/?page_id=376","title":{"rendered":"KREISTAG"},"content":{"rendered":"\n<div class=\"wp-block-columns is-layout-flex wp-container-3\">\n<div class=\"wp-block-column is-layout-flow\" style=\"flex-basis:33.33%\">\n<h2 class=\"wp-block-heading\"><strong><span style=\"color:#ff0003\" class=\"has-inline-color\">Detlef Ommen<\/span><\/strong><\/h2>\n\n\n\n<p>(<em>Kreiswahlbezirk 7 &#8211; Sendenhorst und Albersloh<\/em>)<br><strong>70 Jahre, Lehrer im Ruhestand<\/strong><br>detlef.ommen[at]spd-sendenhorst.de<\/p>\n\n\n\n<p>Mitglied im Kreistag seit 1994<\/p>\n\n\n\n<p><strong>Arbeitsschwerpunkte:<\/strong><\/p>\n\n\n\n<ul><li>ein attraktiver und bezahlbarer \u00d6PNV durch bessere Angebote von Bahn und Bus,<\/li><li>mehr Platz und Sicherheit f\u00fcr Fu\u00dfg\u00e4nger,<\/li><li>St\u00e4rkung des Radverkehrs,<\/li><li>eine nachhaltige Umwelt- und Klimapolitik,<\/li><li>ein qualifiziertes Betreuungs- und Bildungsangebot f\u00fcr die jungen Menschen von der KiTa bis zum Abschluss von Schule und Ausbildung.<\/li><\/ul>\n\n\n\n<p><\/p>\n<\/div>\n\n\n\n<div class=\"wp-block-column is-layout-flow\" style=\"flex-basis:66.66%\">\n<figure class=\"wp-block-image size-large\"><img decoding=\"async\" loading=\"lazy\" width=\"1024\" height=\"768\" src=\"http:\/\/sendenhorst2020.de\/wp-content\/uploads\/2020\/07\/Foto-KTW-2020-1024x768.jpg\" alt=\"\" class=\"wp-image-377\" srcset=\"http:\/\/sendenhorst2020.de\/wp-content\/uploads\/2020\/07\/Foto-KTW-2020-1024x768.jpg 1024w, http:\/\/sendenhorst2020.de\/wp-content\/uploads\/2020\/07\/Foto-KTW-2020-300x225.jpg 300w, http:\/\/sendenhorst2020.de\/wp-content\/uploads\/2020\/07\/Foto-KTW-2020-768x576.jpg 768w, http:\/\/sendenhorst2020.de\/wp-content\/uploads\/2020\/07\/Foto-KTW-2020-1536x1152.jpg 1536w, http:\/\/sendenhorst2020.de\/wp-content\/uploads\/2020\/07\/Foto-KTW-2020-960x720.jpg 960w, http:\/\/sendenhorst2020.de\/wp-content\/uploads\/2020\/07\/Foto-KTW-2020.jpg 2048w\" sizes=\"(max-width: 1024px) 100vw, 1024px\" \/><\/figure>\n<\/div>\n<\/div>\n\n\n\n<p>Das <a rel=\"noreferrer noopener\" href=\"https:\/\/www.spd-kreis-warendorf.de\/kreiswahlprogramm\/\" target=\"_blank\">Wahlprogramm<\/a> der SPD des Kreises Warendorf ist ver\u00f6ffentlicht auf der Homepage der SPD-Kreis Warendorf.<\/p>\n\n\n\n<pre class=\"wp-block-preformatted\">F\u00fcr das Amt des Landrats kandidiert <a href=\"http:\/\/www.denniskocker.de\/\" target=\"_blank\" rel=\"noreferrer noopener\">Dennis Kocker<\/a>.<\/pre>\n\n\n\n<p><\/p>\n","protected":false},"excerpt":{"rendered":"<p>Detlef Ommen (Kreiswahlbezirk 7 &#8211; Sendenhorst und Albersloh)70 Jahre, Lehrer im Ruhestanddetlef.ommen[at]spd-sendenhorst.de Mitglied im Kreistag seit 1994 Arbeitsschwerpunkte: ein attraktiver und bezahlbarer \u00d6PNV durch bessere [&#8230;]<\/p>\n","protected":false},"author":1,"featured_media":0,"parent":0,"menu_order":0,"comment_status":"closed","ping_status":"closed","template":"templates\/template-fullwidth-no-title.php","meta":[],"_links":{"self":[{"href":"http:\/\/sendenhorst2020.de\/index.php?rest_route=\/wp\/v2\/pages\/376"}],"collection":[{"href":"http:\/\/sendenhorst2020.de\/index.php?rest_route=\/wp\/v2\/pages"}],"about":[{"href":"http:\/\/sendenhorst2020.de\/index.php?rest_route=\/wp\/v2\/types\/page"}],"author":[{"embeddable":true,"href":"http:\/\/sendenhorst2020.de\/index.php?rest_route=\/wp\/v2\/users\/1"}],"replies":[{"embeddable":true,"href":"http:\/\/sendenhorst2020.de\/index.php?rest_route=%2Fwp%2Fv2%2Fcomments&post=376"}],"version-history":[{"count":8,"href":"http:\/\/sendenhorst2020.de\/index.php?rest_route=\/wp\/v2\/pages\/376\/revisions"}],"predecessor-version":[{"id":388,"href":"http:\/\/sendenhorst2020.de\/index.php?rest_route=\/wp\/v2\/pages\/376\/revisions\/388"}],"wp:attachment":[{"href":"http:\/\/sendenhorst2020.de\/index.php?rest_route=%2Fwp%2Fv2%2Fmedia&parent=376"}],"curies":[{"name":"wp","href":"https:\/\/api.w.org\/{rel}","templated":true}]}}

<div class="wp-block-columns is-layout-flex wp-container-3">
<div class="wp-block-column is-layout-flow" style="flex-basis:33.33%">
<h2 class="wp-block-heading"><strong><span style="color:#ff0003" class="has-inline-color">Detlef Ommen</span></strong></h2>



<p>(<em>Kreiswahlbezirk 7 &#8211; Sendenhorst und Albersloh</em>)<br><strong>70 Jahre, Lehrer im Ruhestand</strong><br>detlef.ommen[at]spd-sendenhorst.de</p>



<p>Mitglied im Kreistag seit 1994</p>



<p><strong>Arbeitsschwerpunkte:</strong></p>



<ul><li>ein attraktiver und bezahlbarer ÖPNV durch bessere Angebote von Bahn und Bus,</li><li>mehr Platz und Sicherheit für Fußgänger,</li><li>Stärkung des Radverkehrs,</li><li>eine nachhaltige Umwelt- und Klimapolitik,</li><li>ein qualifiziertes Betreuungs- und Bildungsangebot für die jungen Menschen von der KiTa bis zum Abschluss von Schule und Ausbildung.</li></ul>



<p></p>
</div>



<div class="wp-block-column is-layout-flow" style="flex-basis:66.66%">
<figure class="wp-block-image size-large"><img decoding="async" loading="lazy" width="1024" height="768" src="http://sendenhorst2020.de/wp-content/uploads/2020/07/Foto-KTW-2020-1024x768.jpg" alt="" class="wp-image-377" srcset="http://sendenhorst2020.de/wp-content/uploads/2020/07/Foto-KTW-2020-1024x768.jpg 1024w, http://sendenhorst2020.de/wp-content/uploads/2020/07/Foto-KTW-2020-300x225.jpg 300w, http://sendenhorst2020.de/wp-content/uploads/2020/07/Foto-KTW-2020-768x576.jpg 768w, http://sendenhorst2020.de/wp-content/uploads/2020/07/Foto-KTW-2020-1536x1152.jpg 1536w, http://sendenhorst2020.de/wp-content/uploads/2020/07/Foto-KTW-2020-960x720.jpg 960w, http://sendenhorst2020.de/wp-content/uploads/2020/07/Foto-KTW-2020.jpg 2048w" sizes="(max-width: 1024px) 100vw, 1024px" /></figure>
</div>
</div>



<p>Das <a rel="noreferrer noopener" href="https://www.spd-kreis-warendorf.de/kreiswahlprogramm/" target="_blank">Wahlprogramm</a> der SPD des Kreises Warendorf ist veröffentlicht auf der Homepage der SPD-Kreis Warendorf.</p>



<pre class="wp-block-preformatted">Für das Amt des Landrats kandidiert <a href="http://www.denniskocker.de/" target="_blank" rel="noreferrer noopener">Dennis Kocker</a>.</pre>



<p></p>

<p>Detlef Ommen (Kreiswahlbezirk 7 &#8211; Sendenhorst und Albersloh)70 Jahre, Lehrer im Ruhestanddetlef.ommen[at]spd-sendenhorst.de Mitglied im Kreistag seit 1994 Arbeitsschwerpunkte: ein attraktiver und bezahlbarer ÖPNV durch bessere [&#8230;]</p>
